{"id":183,"date":"2021-03-13T21:46:08","date_gmt":"2021-03-13T18:46:08","guid":{"rendered":"http:\/\/www.tamerardic.com\/?page_id=183"},"modified":"2024-10-16T10:06:09","modified_gmt":"2024-10-16T07:06:09","slug":"iletisim-ve-kunye","status":"publish","type":"page","link":"https:\/\/www.ambalajveetiket.com\/index.php\/iletisim-ve-kunye\/","title":{"rendered":"\u0130leti\u015fim ve K\u00fcnye"},"content":{"rendered":"<p>[vc_row][vc_column][vc_column_text css_animation=&#8221;flipInX&#8221;]<strong>www.ambalajveetiket.com<\/strong> sitesi bir Mozaik Ltd. yay\u0131n\u0131d\u0131r.<\/p>\n<p>&nbsp;<\/p>\n<p><strong>Mozaik Reklam Tan\u0131t\u0131m Sanayi ve Ticaret Limited \u015eirketi<\/strong><\/p>\n<p>762. Cadde 5\/4, Naci \u00c7ak\u0131r Mahallesi, \u00c7ankaya &#8211; Ankara &#8211; Turkey<\/p>\n<p>Tel: (90 312) 4951080 &#8211; 4953755<\/p>\n<p><strong>info@ambalajveetiket.com<\/strong>[\/vc_column_text][\/vc_column][\/vc_row][vc_row][vc_column][vc_gmaps link=&#8221;#E-8_JTNDaWZyYW1lJTIwc3JjJTNEJTIyaHR0cHMlM0ElMkYlMkZ3d3cuZ29vZ2xlLmNvbSUyRm1hcHMlMkZlbWJlZCUzRnBiJTNEJTIxMW0xNCUyMTFtMTIlMjExbTMlMjExZDMwNjIuMDIxOTg3Njk0NjYzJTIxMmQzMi44Mzk1NTkzNzYzODE1MyUyMTNkMzkuODczNzQ1Mzg4NTA3ODUlMjEybTMlMjExZjAlMjEyZjAlMjEzZjAlMjEzbTIlMjExaTEwMjQlMjEyaTc2OCUyMTRmMTMuMSUyMTVlMCUyMTNtMiUyMTFzdHIlMjEyc3RyJTIxNHYxNzI5MDYyMjg4Mjg0JTIxNW0yJTIxMXN0ciUyMTJzdHIlMjIlMjB3aWR0aCUzRCUyMjYwMCUyMiUyMGhlaWdodCUzRCUyMjQ1MCUyMiUyMHN0eWxlJTNEJTIyYm9yZGVyJTNBMCUzQiUyMiUyMGFsbG93ZnVsbHNjcmVlbiUzRCUyMiUyMiUyMGxvYWRpbmclM0QlMjJsYXp5JTIyJTIwcmVmZXJyZXJwb2xpY3klM0QlMjJuby1yZWZlcnJlci13aGVuLWRvd25ncmFkZSUyMiUzRSUzQyUyRmlmcmFtZSUzRQ==&#8221; title=&#8221;Ambalaj ve Etiket&#8221;][\/vc_column][\/vc_row]<\/p>\n","protected":false},"excerpt":{"rendered":"<p>[vc_row][vc_column][vc_column_text css_animation=&#8221;flipInX&#8221;]www.ambalajveetiket.com sitesi bir Mozaik Ltd. yay\u0131n\u0131d\u0131r. &nbsp; Mozaik Reklam Tan\u0131t\u0131m Sanayi ve Ticaret Limited \u015eirketi 762. Cadde 5\/4, Naci \u00c7ak\u0131r Mahallesi, \u00c7ankaya &#8211; Ankara &#8211; Turkey Tel: (90 312) 4951080 &#8211; 4953755 info@ambalajveetiket.com[\/vc_column_text][\/vc_column][\/vc_row][vc_row][vc_column][vc_gmaps link=&#8221;#E-8_JTNDaWZyYW1lJTIwc3JjJTNEJTIyaHR0cHMlM0ElMkYlMkZ3d3cuZ29vZ2xlLmNvbSUyRm1hcHMlMkZlbWJlZCUzRnBiJTNEJTIxMW0xNCUyMTFtMTIlMjExbTMlMjExZDMwNjIuMDIxOTg3Njk0NjYzJTIxMmQzMi44Mzk1NTkzNzYzODE1MyUyMTNkMzkuODczNzQ1Mzg4NTA3ODUlMjEybTMlMjExZjAlMjEyZjAlMjEzZjAlMjEzbTIlMjExaTEwMjQlMjEyaTc2OCUyMTRmMTMuMSUyMTVlMCUyMTNtMiUyMTFzdHIlMjEyc3RyJTIxNHYxNzI5MDYyMjg4Mjg0JTIxNW0yJTIxMXN0ciUyMTJzdHIlMjIlMjB3aWR0aCUzRCUyMjYwMCUyMiUyMGhlaWdodCUzRCUyMjQ1MCUyMiUyMHN0eWxlJTNEJTIyYm9yZGVyJTNBMCUzQiUyMiUyMGFsbG93ZnVsbHNjcmVlbiUzRCUyMiUyMiUyMGxvYWRpbmclM0QlMjJsYXp5JTIyJTIwcmVmZXJyZXJwb2xpY3klM0QlMjJuby1yZWZlcnJlci13aGVuLWRvd25ncmFkZSUyMiUzRSUzQyUyRmlmcmFtZSUzRQ==&#8221; title=&#8221;Ambalaj ve Etiket&#8221;][\/vc_column][\/vc_row]<\/p>\n","protected":false},"author":1,"featured_media":0,"parent":0,"menu_order":0,"comment_status":"closed","ping_status":"closed","template":"","meta":[],"_links":{"self":[{"href":"https:\/\/www.ambalajveetiket.com\/index.php\/wp-json\/wp\/v2\/pages\/183"}],"collection":[{"href":"https:\/\/www.ambalajveetiket.com\/index.php\/wp-json\/wp\/v2\/pages"}],"about":[{"href":"https:\/\/www.ambalajveetiket.com\/index.php\/wp-json\/wp\/v2\/types\/page"}],"author":[{"embeddable":true,"href":"https:\/\/www.ambalajveetiket.com\/index.php\/wp-json\/wp\/v2\/users\/1"}],"replies":[{"embeddable":true,"href":"https:\/\/www.ambalajveetiket.com\/index.php\/wp-json\/wp\/v2\/comments?post=183"}],"version-history":[{"count":15,"href":"https:\/\/www.ambalajveetiket.com\/index.php\/wp-json\/wp\/v2\/pages\/183\/revisions"}],"predecessor-version":[{"id":4610,"href":"https:\/\/www.ambalajveetiket.com\/index.php\/wp-json\/wp\/v2\/pages\/183\/revisions\/4610"}],"wp:attachment":[{"href":"https:\/\/www.ambalajveetiket.com\/index.php\/wp-json\/wp\/v2\/media?parent=183"}],"curies":[{"name":"wp","href":"https:\/\/api.w.org\/{rel}","templated":true}]}}