{"id":214,"date":"2021-03-14T13:43:19","date_gmt":"2021-03-14T10:43:19","guid":{"rendered":"http:\/\/www.tamerardic.com\/?page_id=214"},"modified":"2021-04-15T13:05:55","modified_gmt":"2021-04-15T10:05:55","slug":"hakkimizda","status":"publish","type":"page","link":"https:\/\/www.ambalajveetiket.com\/index.php\/hakkimizda\/","title":{"rendered":"Hakk\u0131m\u0131zda"},"content":{"rendered":"\n<p>Ambalaj ve Etiket web sitesi 30 y\u0131ld\u0131r T\u00fcrk Bas\u0131m sekt\u00f6r\u00fcne \u00e7e\u015fitli yay\u0131nlar ve rehberler \u00fcreten Mozaik Reklam Tan\u0131t\u0131m Sanayi ve Ticaret Limited \u015eirketi taraf\u0131ndan konumland\u0131r\u0131lm\u0131\u015ft\u0131r.<\/p>\n\n\n\n<p>Sitemiz, ambalaj ve etiketi \u00fcreten ve bu \u00fcr\u00fcnleri kullanan i\u015fletmelere hizmet etmektedir.<\/p>\n\n\n\n<p>ambalajveetiket.com T\u00fcrkiye ve d\u00fcnyadaki sekt\u00f6rel geli\u015fmeleri; haber, yenilik, fuar ve etkinlikleri: yeni teknoloji ve uygulamalar\u0131 ekranlara ta\u015f\u0131yarak sekt\u00f6r bile\u015fenlerinin bilgi ve fark\u0131ndal\u0131\u011f\u0131n\u0131n artmas\u0131na katk\u0131 yapmay\u0131 ama\u00e7lamaktad\u0131r.<\/p>\n\n\n\n<p><\/p>\n\n\n\n<p>Di\u011fer yay\u0131nlar\u0131m\u0131z:<\/p>\n\n\n\n<p><strong>Matbaa Haber Dergisi<\/strong><\/p>\n\n\n\n<p><strong>Dijital Bask\u0131 ve 3D Dergis<\/strong>i<\/p>\n\n\n\n<p><strong>Print Market Dergis<\/strong>i (art\u0131k yay\u0131nlanm\u0131yor)<\/p>\n\n\n\n<p><strong>T\u00fcrkiye Bas\u0131m Rehberi<\/strong><\/p>\n\n\n\n<p><strong>T\u00fcrkiye Bas\u0131m Katalo<\/strong>\u011fu<\/p>\n\n\n\n<p>ve<strong> <\/strong><\/p>\n\n\n\n<p><strong>Ankara ve \u0130zmir Matbaac\u0131lar Rehberleri<\/strong> (bu rehber ilgili kentlerin Matbaac\u0131lar Odalar\u0131 ad\u0131na alan \u00e7al\u0131\u015fmalar\u0131 ile taraf\u0131m\u0131zdan haz\u0131rland\u0131)<\/p>\n\n\n\n<p><\/p>\n\n\n\n<p><\/p>\n","protected":false},"excerpt":{"rendered":"<p>Ambalaj ve Etiket web sitesi 30 y\u0131ld\u0131r T\u00fcrk Bas\u0131m sekt\u00f6r\u00fcne \u00e7e\u015fitli yay\u0131nlar ve rehberler \u00fcreten Mozaik Reklam Tan\u0131t\u0131m Sanayi ve Ticaret Limited \u015eirketi taraf\u0131ndan konumland\u0131r\u0131lm\u0131\u015ft\u0131r. Sitemiz, ambalaj ve etiketi \u00fcreten ve bu \u00fcr\u00fcnleri kullanan i\u015fletmelere hizmet etmektedir. ambalajveetiket.com T\u00fcrkiye ve d\u00fcnyadaki sekt\u00f6rel geli\u015fmeleri; haber, yenilik, fuar ve etkinlikleri: yeni teknoloji ve uygulamalar\u0131 ekranlara ta\u015f\u0131yarak sekt\u00f6r [&hellip;]<\/p>\n","protected":false},"author":1,"featured_media":217,"parent":0,"menu_order":0,"comment_status":"closed","ping_status":"closed","template":"","meta":[],"_links":{"self":[{"href":"https:\/\/www.ambalajveetiket.com\/index.php\/wp-json\/wp\/v2\/pages\/214"}],"collection":[{"href":"https:\/\/www.ambalajveetiket.com\/index.php\/wp-json\/wp\/v2\/pages"}],"about":[{"href":"https:\/\/www.ambalajveetiket.com\/index.php\/wp-json\/wp\/v2\/types\/page"}],"author":[{"embeddable":true,"href":"https:\/\/www.ambalajveetiket.com\/index.php\/wp-json\/wp\/v2\/users\/1"}],"replies":[{"embeddable":true,"href":"https:\/\/www.ambalajveetiket.com\/index.php\/wp-json\/wp\/v2\/comments?post=214"}],"version-history":[{"count":3,"href":"https:\/\/www.ambalajveetiket.com\/index.php\/wp-json\/wp\/v2\/pages\/214\/revisions"}],"predecessor-version":[{"id":4693,"href":"https:\/\/www.ambalajveetiket.com\/index.php\/wp-json\/wp\/v2\/pages\/214\/revisions\/4693"}],"wp:featuredmedia":[{"embeddable":true,"href":"https:\/\/www.ambalajveetiket.com\/index.php\/wp-json\/wp\/v2\/media\/217"}],"wp:attachment":[{"href":"https:\/\/www.ambalajveetiket.com\/index.php\/wp-json\/wp\/v2\/media?parent=214"}],"curies":[{"name":"wp","href":"https:\/\/api.w.org\/{rel}","templated":true}]}}