{"id":4801,"date":"2021-09-03T11:17:07","date_gmt":"2021-09-03T08:17:07","guid":{"rendered":"https:\/\/www.ambalajveetiket.com\/?page_id=4801"},"modified":"2021-09-14T11:47:06","modified_gmt":"2021-09-14T08:47:06","slug":"banner-kullanimi","status":"publish","type":"page","link":"https:\/\/www.ambalajveetiket.com\/index.php\/banner-kullanimi\/","title":{"rendered":"Banner kullan\u0131m\u0131"},"content":{"rendered":"<p>[vc_row][vc_column][vc_column_text]PDF i\u00e7in t\u0131klay\u0131n\u0131z:\u00a0 \u00a0<a href=\"https:\/\/www.ambalajveetiket.com\/wp-content\/uploads\/2021\/09\/Web-Iilanlari.pdf\">Web-Iilanlari<\/a><\/p>\n<h1><img loading=\"lazy\" class=\"alignleft wp-image-4872 size-full\" src=\"https:\/\/www.ambalajveetiket.com\/wp-content\/uploads\/2021\/09\/AmbalajveEtiket_BannerTarifesi.jpg\" alt=\"\" width=\"1748\" height=\"2480\" srcset=\"https:\/\/www.ambalajveetiket.com\/wp-content\/uploads\/2021\/09\/AmbalajveEtiket_BannerTarifesi.jpg 1748w, https:\/\/www.ambalajveetiket.com\/wp-content\/uploads\/2021\/09\/AmbalajveEtiket_BannerTarifesi-211x300.jpg 211w, https:\/\/www.ambalajveetiket.com\/wp-content\/uploads\/2021\/09\/AmbalajveEtiket_BannerTarifesi-722x1024.jpg 722w, https:\/\/www.ambalajveetiket.com\/wp-content\/uploads\/2021\/09\/AmbalajveEtiket_BannerTarifesi-768x1090.jpg 768w, https:\/\/www.ambalajveetiket.com\/wp-content\/uploads\/2021\/09\/AmbalajveEtiket_BannerTarifesi-1083x1536.jpg 1083w, https:\/\/www.ambalajveetiket.com\/wp-content\/uploads\/2021\/09\/AmbalajveEtiket_BannerTarifesi-1444x2048.jpg 1444w, https:\/\/www.ambalajveetiket.com\/wp-content\/uploads\/2021\/09\/AmbalajveEtiket_BannerTarifesi-750x1064.jpg 750w, https:\/\/www.ambalajveetiket.com\/wp-content\/uploads\/2021\/09\/AmbalajveEtiket_BannerTarifesi-1140x1617.jpg 1140w\" sizes=\"(max-width: 1748px) 100vw, 1748px\" \/><\/h1>\n","protected":false},"excerpt":{"rendered":"<p>[vc_row][vc_column][vc_column_text]PDF i\u00e7in t\u0131klay\u0131n\u0131z:\u00a0 \u00a0Web-Iilanlari<\/p>\n","protected":false},"author":1,"featured_media":0,"parent":0,"menu_order":0,"comment_status":"closed","ping_status":"closed","template":"","meta":[],"_links":{"self":[{"href":"https:\/\/www.ambalajveetiket.com\/index.php\/wp-json\/wp\/v2\/pages\/4801"}],"collection":[{"href":"https:\/\/www.ambalajveetiket.com\/index.php\/wp-json\/wp\/v2\/pages"}],"about":[{"href":"https:\/\/www.ambalajveetiket.com\/index.php\/wp-json\/wp\/v2\/types\/page"}],"author":[{"embeddable":true,"href":"https:\/\/www.ambalajveetiket.com\/index.php\/wp-json\/wp\/v2\/users\/1"}],"replies":[{"embeddable":true,"href":"https:\/\/www.ambalajveetiket.com\/index.php\/wp-json\/wp\/v2\/comments?post=4801"}],"version-history":[{"count":9,"href":"https:\/\/www.ambalajveetiket.com\/index.php\/wp-json\/wp\/v2\/pages\/4801\/revisions"}],"predecessor-version":[{"id":4876,"href":"https:\/\/www.ambalajveetiket.com\/index.php\/wp-json\/wp\/v2\/pages\/4801\/revisions\/4876"}],"wp:attachment":[{"href":"https:\/\/www.ambalajveetiket.com\/index.php\/wp-json\/wp\/v2\/media?parent=4801"}],"curies":[{"name":"wp","href":"https:\/\/api.w.org\/{rel}","templated":true}]}}